{"id":9,"date":"2019-03-25T14:10:37","date_gmt":"2019-03-25T13:10:37","guid":{"rendered":"http:\/\/wildermuell-lebensgefahrfuertiere.de\/?page_id=9"},"modified":"2022-02-16T12:00:29","modified_gmt":"2022-02-16T11:00:29","slug":"wer-wir-sind","status":"publish","type":"page","link":"https:\/\/wildermuell-lebensgefahrfuertiere.de\/index.php\/wer-wir-sind\/","title":{"rendered":"Wer wir sind"},"content":{"rendered":"<p>[et_pb_section fb_built=&#8220;1&#8243; custom_padding_last_edited=&#8220;on|phone&#8220; admin_label=&#8220;Header&#8220; _builder_version=&#8220;4.4.3&#8243; background_image=&#8220;https:\/\/wildermuell-lebensgefahrfuertiere.de\/wp-content\/uploads\/2019\/10\/H-Header_WilderMuell_3_1485x500.jpg&#8220; background_position=&#8220;bottom_center&#8220; custom_padding=&#8220;100px||0vw|||&#8220; custom_padding_tablet=&#8220;40px|||&#8220; custom_padding_phone=&#8220;0px|||&#8220; global_module=&#8220;1350&#8243; saved_tabs=&#8220;all&#8220; locked=&#8220;off&#8220; global_colors_info=&#8220;{}&#8220;][et_pb_row custom_padding_last_edited=&#8220;on|desktop&#8220; _builder_version=&#8220;4.3.1&#8243; custom_margin=&#8220;|||&#8220; custom_padding=&#8220;|30px||30px||true&#8220; custom_padding_tablet=&#8220;40px||&#8220; custom_padding_phone=&#8220;&#8220; box_shadow_style=&#8220;preset7&#8243; box_shadow_horizontal=&#8220;0px&#8220; box_shadow_vertical=&#8220;0px&#8220; box_shadow_color=&#8220;#bababa&#8220; box_shadow_position=&#8220;outer&#8220; global_colors_info=&#8220;{}&#8220;][et_pb_column type=&#8220;4_4&#8243; _builder_version=&#8220;3.25&#8243; custom_padding=&#8220;|||&#8220; custom_padding_last_edited=&#8220;off|desktop&#8220; global_colors_info=&#8220;{}&#8220; custom_padding__hover=&#8220;|||&#8220;][et_pb_text _builder_version=&#8220;4.4.3&#8243; header_font=&#8220;Lora||||||||&#8220; header_text_color=&#8220;#000000&#8243; header_font_size=&#8220;78px&#8220; header_letter_spacing=&#8220;-1px&#8220; header_line_height=&#8220;1.1em&#8220; background_enable_color=&#8220;off&#8220; background_image=&#8220;https:\/\/wildermuell-lebensgefahrfuertiere.de\/wp-content\/uploads\/2020\/02\/food-bank_54-1mh.png&#8220; width=&#8220;67%&#8220; max_width=&#8220;88%&#8220; module_alignment=&#8220;right&#8220; min_height=&#8220;220px&#8220; height=&#8220;225px&#8220; custom_padding=&#8220;18px|50px|||false|false&#8220; header_font_size_tablet=&#8220;56px&#8220; header_font_size_phone=&#8220;40px&#8220; header_font_size_last_edited=&#8220;on|phone&#8220; border_color_all=&#8220;#FFFFFF&#8220; locked=&#8220;off&#8220; global_colors_info=&#8220;{}&#8220;]<\/p>\n<h1 style=\"text-align: right;\"><span style=\"color: #ffff00;\"><strong><em>Wir<\/em><\/strong><\/span><\/h1>\n<h1 style=\"text-align: right;\"><span color=\"#ffffff\" style=\"color: #ffffff;\"><span style=\"caret-color: #ffffff;\">\u00fcber uns<\/span><\/span><\/h1>\n<p>[\/et_pb_text][\/et_pb_column][\/et_pb_row][et_pb_row _builder_version=&#8220;3.25&#8243; width=&#8220;100%&#8220; max_width=&#8220;100%&#8220; custom_padding=&#8220;0px||0px|||&#8220; global_colors_info=&#8220;{}&#8220;][et_pb_column type=&#8220;4_4&#8243; _builder_version=&#8220;3.25&#8243; custom_padding=&#8220;|||&#8220; global_colors_info=&#8220;{}&#8220; custom_padding__hover=&#8220;|||&#8220;][et_pb_image src=&#8220;http:\/\/wildermuell-lebensgefahrfuertiere.de\/wp-content\/uploads\/2019\/09\/food-bank_57.png&#8220; force_fullwidth=&#8220;on&#8220; align_tablet=&#8220;center&#8220; align_phone=&#8220;&#8220; align_last_edited=&#8220;on|desktop&#8220; _builder_version=&#8220;4.4.3&#8243; global_colors_info=&#8220;{}&#8220;][\/et_pb_image][\/et_pb_column][\/et_pb_row][\/et_pb_section][et_pb_section fb_built=&#8220;1&#8243; admin_label=&#8220;section&#8220; _builder_version=&#8220;3.22&#8243; global_colors_info=&#8220;{}&#8220;][et_pb_row column_structure=&#8220;3_4,1_4&#8243; _builder_version=&#8220;4.2.2&#8243; global_colors_info=&#8220;{}&#8220;][et_pb_column type=&#8220;3_4&#8243; _builder_version=&#8220;4.2.2&#8243; global_colors_info=&#8220;{}&#8220;][et_pb_image src=&#8220;http:\/\/wildermuell-lebensgefahrfuertiere.de\/wp-content\/uploads\/2020\/01\/wilder_muell_ausstellung.jpg&#8220; title_text=&#8220;Projektgr\u00fcnderin Elita Grafke pr\u00e4sentiert die Ausstellung&#8220; _builder_version=&#8220;4.2.2&#8243; animation_style=&#8220;fold&#8220; global_colors_info=&#8220;{}&#8220;][\/et_pb_image][\/et_pb_column][et_pb_column type=&#8220;1_4&#8243; _builder_version=&#8220;4.2.2&#8243; global_colors_info=&#8220;{}&#8220;][et_pb_text _builder_version=&#8220;4.2.2&#8243; global_colors_info=&#8220;{}&#8220;]<\/p>\n<p>Die Projektgr\u00fcnderin Elita Grafke pr\u00e4sentiert die Ausstellung ihrer Exponate.\u00a0<\/p>\n<p>Als NABU Naturtrainerin unterrichtet sie regelm\u00e4\u00dfig und informiert \u00fcber die Gefahren des in der Landschaft hinterlassenen M\u00fclls.<\/p>\n<p>F\u00fcr ihren Einsatz wurde Elita Grafke 2017 mit dem Umweltpreis der Stadt Willich ausgezeichnet.<\/p>\n<p>Unsere Dauerausstellung &#8222;Wilder M\u00fcll&#8220; finden sie im <a href=\"https:\/\/nabu-krefeld-viersen.de\/naturschutzhof\" target=\"_blank\" rel=\"noopener noreferrer\" title=\"NABU Naturschutzhof Nettetal\">NABU Naturschutzhof Nettetal<\/a>.\u00a0<\/p>\n<p>[\/et_pb_text][\/et_pb_column][\/et_pb_row][et_pb_row admin_label=&#8220;row&#8220; _builder_version=&#8220;3.25&#8243; background_size=&#8220;initial&#8220; background_position=&#8220;top_left&#8220; background_repeat=&#8220;repeat&#8220; global_colors_info=&#8220;{}&#8220;][et_pb_column type=&#8220;4_4&#8243; _builder_version=&#8220;3.25&#8243; custom_padding=&#8220;|||&#8220; global_colors_info=&#8220;{}&#8220; custom_padding__hover=&#8220;|||&#8220;][et_pb_text admin_label=&#8220;Text&#8220; _builder_version=&#8220;4.2.2&#8243; background_size=&#8220;initial&#8220; background_position=&#8220;top_left&#8220; background_repeat=&#8220;repeat&#8220; global_colors_info=&#8220;{}&#8220;]<\/p>\n<h1><span style=\"color: #74ba57;\">Wer wir sind &#8211; was wir wollen<\/span><span><\/span><\/h1>\n<p><span><\/span><\/p>\n<p><span>Der <a href=\"https:\/\/nabu.de\">NABU (Naturschutzbund Deutschland) e.V.<\/a> ist ein\u00a0anerkannter Naturschutzverband nach \u00a7 63\u00a0Bundesnaturschutzgesetz<\/span><\/p>\n<p><span>Der <a href=\"https:\/\/nabu-krefeld-viersen.de\">NABU Bezirksverband Krefeld\/Viersen e.V.<\/a> \u00fcbernimmt die lokalen Aufgaben des NABU innerhalb der Stadt Krefeld und des angrenzenden Kreises Viersen.<\/span><\/p>\n<p><span>Das Projekt &#8222;Wilder M\u00fcll &#8211; Lebensgefahr f\u00fcr Tiere&#8220; wurde von Elita und Benno Grafke ins Leben gerufen um auf die Belastung der Umwelt durch illegale M\u00fcllbeseitigung hinzuweisen sowie L\u00f6sungen aufzuzeigen.<\/span><\/p>\n<p><span>Dabei steht im Vordergrund die Darstellung der besonderen Gefahr f\u00fcr Wildtiere durch die M\u00fcllbelastung.<\/span><\/p>\n<p>[\/et_pb_text][\/et_pb_column][\/et_pb_row][et_pb_row column_structure=&#8220;1_4,1_4,1_4,1_4&#8243; _builder_version=&#8220;4.3.1&#8243; global_colors_info=&#8220;{}&#8220;][et_pb_column type=&#8220;1_4&#8243; _builder_version=&#8220;4.3.1&#8243; global_colors_info=&#8220;{}&#8220;][et_pb_team_member name=&#8220;Elita Grafke&#8220; position=&#8220;Projektgr\u00fcnderin&#8220; image_url=&#8220;https:\/\/wildermuell-lebensgefahrfuertiere.de\/wp-content\/uploads\/2020\/02\/Elita_Grafke-.jpg&#8220; _builder_version=&#8220;4.3.1&#8243; global_colors_info=&#8220;{}&#8220;]<\/p>\n<p>Elita Grafke ist vom NABU zertifiziert als NABU-Naturtrainerin.<\/p>\n<p>[\/et_pb_team_member][\/et_pb_column][et_pb_column type=&#8220;1_4&#8243; _builder_version=&#8220;4.3.1&#8243; global_colors_info=&#8220;{}&#8220;][\/et_pb_column][et_pb_column type=&#8220;1_4&#8243; _builder_version=&#8220;4.3.1&#8243; global_colors_info=&#8220;{}&#8220;][\/et_pb_column][et_pb_column type=&#8220;1_4&#8243; _builder_version=&#8220;4.3.1&#8243; global_colors_info=&#8220;{}&#8220;][et_pb_team_member name=&#8220;Klaus Keipke&#8220; position=&#8220;Technischer Ansprechpartner&#8220; image_url=&#8220;https:\/\/wildermuell-lebensgefahrfuertiere.de\/wp-content\/uploads\/2020\/02\/klaus_keipke-e1581611253541.jpg&#8220; facebook_url=&#8220;https:\/\/www.facebook.com\/klaus.keipke&#8220; _builder_version=&#8220;4.14.7&#8243; hover_enabled=&#8220;0&#8243; global_colors_info=&#8220;{}&#8220; sticky_enabled=&#8220;0&#8243;]<\/p>\n<p>Klaus Keipke betreut in techn. Hinsicht den Internetauftritt sowie die sozialen Medien des NABU Bezirksverbandes Krefeld\/Viersen e.V.<\/p>\n<p>[\/et_pb_team_member][\/et_pb_column][\/et_pb_row][\/et_pb_section]<\/p>\n","protected":false},"excerpt":{"rendered":"<p>Wir \u00fcber unsDie Projektgr\u00fcnderin Elita Grafke pr\u00e4sentiert die Ausstellung ihrer Exponate.\u00a0 Als NABU Naturtrainerin unterrichtet sie regelm\u00e4\u00dfig und informiert \u00fcber die Gefahren des in der Landschaft hinterlassenen M\u00fclls. F\u00fcr ihren Einsatz wurde Elita Grafke 2017 mit dem Umweltpreis der Stadt Willich ausgezeichnet. Unsere Dauerausstellung &#8222;Wilder M\u00fcll&#8220; finden sie im NABU Naturschutzhof Nettetal.\u00a0Wer wir sind &#8211; [&hellip;]<\/p>\n","protected":false},"author":1,"featured_media":0,"parent":0,"menu_order":0,"comment_status":"closed","ping_status":"closed","template":"","meta":{"_et_pb_use_builder":"on","_et_pb_old_content":"Wir m\u00f6chten auf die Gefahren und Risiken der zunehmenden M\u00fcllbelastung unserer Umwelt hinweisen und auf die sich dadurch ergebenden Gefahren f\u00fcr Tiere. Ebenso zeigen wir L\u00f6sungen auf wie wir die M\u00fcllbelastung senken k\u00f6nnen mit dem Ziel der naturnahen Gestaltung unseres Alltags","_et_gb_content_width":"","footnotes":""},"folder":[],"class_list":["post-9","page","type-page","status-publish","hentry"],"_links":{"self":[{"href":"https:\/\/wildermuell-lebensgefahrfuertiere.de\/index.php\/wp-json\/wp\/v2\/pages\/9","targetHints":{"allow":["GET"]}}],"collection":[{"href":"https:\/\/wildermuell-lebensgefahrfuertiere.de\/index.php\/wp-json\/wp\/v2\/pages"}],"about":[{"href":"https:\/\/wildermuell-lebensgefahrfuertiere.de\/index.php\/wp-json\/wp\/v2\/types\/page"}],"author":[{"embeddable":true,"href":"https:\/\/wildermuell-lebensgefahrfuertiere.de\/index.php\/wp-json\/wp\/v2\/users\/1"}],"replies":[{"embeddable":true,"href":"https:\/\/wildermuell-lebensgefahrfuertiere.de\/index.php\/wp-json\/wp\/v2\/comments?post=9"}],"version-history":[{"count":24,"href":"https:\/\/wildermuell-lebensgefahrfuertiere.de\/index.php\/wp-json\/wp\/v2\/pages\/9\/revisions"}],"predecessor-version":[{"id":2348,"href":"https:\/\/wildermuell-lebensgefahrfuertiere.de\/index.php\/wp-json\/wp\/v2\/pages\/9\/revisions\/2348"}],"wp:attachment":[{"href":"https:\/\/wildermuell-lebensgefahrfuertiere.de\/index.php\/wp-json\/wp\/v2\/media?parent=9"}],"wp:term":[{"taxonomy":"folder","embeddable":true,"href":"https:\/\/wildermuell-lebensgefahrfuertiere.de\/index.php\/wp-json\/wp\/v2\/folder?post=9"}],"curies":[{"name":"wp","href":"https:\/\/api.w.org\/{rel}","templated":true}]}}

<p>[et_pb_section fb_built=&#8220;1&#8243; custom_padding_last_edited=&#8220;on|phone&#8220; admin_label=&#8220;Header&#8220; _builder_version=&#8220;4.4.3&#8243; background_image=&#8220;https://wildermuell-lebensgefahrfuertiere.de/wp-content/uploads/2019/10/H-Header_WilderMuell_3_1485x500.jpg&#8220; background_position=&#8220;bottom_center&#8220; custom_padding=&#8220;100px||0vw|||&#8220; custom_padding_tablet=&#8220;40px|||&#8220; custom_padding_phone=&#8220;0px|||&#8220; global_module=&#8220;1350&#8243; saved_tabs=&#8220;all&#8220; locked=&#8220;off&#8220; global_colors_info=&#8220;{}&#8220;][et_pb_row custom_padding_last_edited=&#8220;on|desktop&#8220; _builder_version=&#8220;4.3.1&#8243; custom_margin=&#8220;|||&#8220; custom_padding=&#8220;|30px||30px||true&#8220; custom_padding_tablet=&#8220;40px||&#8220; custom_padding_phone=&#8220;&#8220; box_shadow_style=&#8220;preset7&#8243; box_shadow_horizontal=&#8220;0px&#8220; box_shadow_vertical=&#8220;0px&#8220; box_shadow_color=&#8220;#bababa&#8220; box_shadow_position=&#8220;outer&#8220; global_colors_info=&#8220;{}&#8220;][et_pb_column type=&#8220;4_4&#8243; _builder_version=&#8220;3.25&#8243; custom_padding=&#8220;|||&#8220; custom_padding_last_edited=&#8220;off|desktop&#8220; global_colors_info=&#8220;{}&#8220; custom_padding__hover=&#8220;|||&#8220;][et_pb_text _builder_version=&#8220;4.4.3&#8243; header_font=&#8220;Lora||||||||&#8220; header_text_color=&#8220;#000000&#8243; header_font_size=&#8220;78px&#8220; header_letter_spacing=&#8220;-1px&#8220; header_line_height=&#8220;1.1em&#8220; background_enable_color=&#8220;off&#8220; background_image=&#8220;https://wildermuell-lebensgefahrfuertiere.de/wp-content/uploads/2020/02/food-bank_54-1mh.png&#8220; width=&#8220;67%&#8220; max_width=&#8220;88%&#8220; module_alignment=&#8220;right&#8220; min_height=&#8220;220px&#8220; height=&#8220;225px&#8220; custom_padding=&#8220;18px|50px|||false|false&#8220; header_font_size_tablet=&#8220;56px&#8220; header_font_size_phone=&#8220;40px&#8220; header_font_size_last_edited=&#8220;on|phone&#8220; border_color_all=&#8220;#FFFFFF&#8220; locked=&#8220;off&#8220; global_colors_info=&#8220;{}&#8220;]</p>
<h1 style="text-align: right;"><span style="color: #ffff00;"><strong><em>Wir</em></strong></span></h1>
<h1 style="text-align: right;"><span color="#ffffff" style="color: #ffffff;"><span style="caret-color: #ffffff;">über uns</span></span></h1>
<p>[/et_pb_text][/et_pb_column][/et_pb_row][et_pb_row _builder_version=&#8220;3.25&#8243; width=&#8220;100%&#8220; max_width=&#8220;100%&#8220; custom_padding=&#8220;0px||0px|||&#8220; global_colors_info=&#8220;{}&#8220;][et_pb_column type=&#8220;4_4&#8243; _builder_version=&#8220;3.25&#8243; custom_padding=&#8220;|||&#8220; global_colors_info=&#8220;{}&#8220; custom_padding__hover=&#8220;|||&#8220;][et_pb_image src=&#8220;http://wildermuell-lebensgefahrfuertiere.de/wp-content/uploads/2019/09/food-bank_57.png&#8220; force_fullwidth=&#8220;on&#8220; align_tablet=&#8220;center&#8220; align_phone=&#8220;&#8220; align_last_edited=&#8220;on|desktop&#8220; _builder_version=&#8220;4.4.3&#8243; global_colors_info=&#8220;{}&#8220;][/et_pb_image][/et_pb_column][/et_pb_row][/et_pb_section][et_pb_section fb_built=&#8220;1&#8243; admin_label=&#8220;section&#8220; _builder_version=&#8220;3.22&#8243; global_colors_info=&#8220;{}&#8220;][et_pb_row column_structure=&#8220;3_4,1_4&#8243; _builder_version=&#8220;4.2.2&#8243; global_colors_info=&#8220;{}&#8220;][et_pb_column type=&#8220;3_4&#8243; _builder_version=&#8220;4.2.2&#8243; global_colors_info=&#8220;{}&#8220;][et_pb_image src=&#8220;http://wildermuell-lebensgefahrfuertiere.de/wp-content/uploads/2020/01/wilder_muell_ausstellung.jpg&#8220; title_text=&#8220;Projektgründerin Elita Grafke präsentiert die Ausstellung&#8220; _builder_version=&#8220;4.2.2&#8243; animation_style=&#8220;fold&#8220; global_colors_info=&#8220;{}&#8220;][/et_pb_image][/et_pb_column][et_pb_column type=&#8220;1_4&#8243; _builder_version=&#8220;4.2.2&#8243; global_colors_info=&#8220;{}&#8220;][et_pb_text _builder_version=&#8220;4.2.2&#8243; global_colors_info=&#8220;{}&#8220;]</p>
<p>Die Projektgründerin Elita Grafke präsentiert die Ausstellung ihrer Exponate. </p>
<p>Als NABU Naturtrainerin unterrichtet sie regelmäßig und informiert über die Gefahren des in der Landschaft hinterlassenen Mülls.</p>
<p>Für ihren Einsatz wurde Elita Grafke 2017 mit dem Umweltpreis der Stadt Willich ausgezeichnet.</p>
<p>Unsere Dauerausstellung &#8222;Wilder Müll&#8220; finden sie im <a href="https://nabu-krefeld-viersen.de/naturschutzhof" target="_blank" rel="noopener noreferrer" title="NABU Naturschutzhof Nettetal">NABU Naturschutzhof Nettetal</a>. </p>
<p>[/et_pb_text][/et_pb_column][/et_pb_row][et_pb_row admin_label=&#8220;row&#8220; _builder_version=&#8220;3.25&#8243; background_size=&#8220;initial&#8220; background_position=&#8220;top_left&#8220; background_repeat=&#8220;repeat&#8220; global_colors_info=&#8220;{}&#8220;][et_pb_column type=&#8220;4_4&#8243; _builder_version=&#8220;3.25&#8243; custom_padding=&#8220;|||&#8220; global_colors_info=&#8220;{}&#8220; custom_padding__hover=&#8220;|||&#8220;][et_pb_text admin_label=&#8220;Text&#8220; _builder_version=&#8220;4.2.2&#8243; background_size=&#8220;initial&#8220; background_position=&#8220;top_left&#8220; background_repeat=&#8220;repeat&#8220; global_colors_info=&#8220;{}&#8220;]</p>
<h1><span style="color: #74ba57;">Wer wir sind &#8211; was wir wollen</span><span></span></h1>
<p><span></span></p>
<p><span>Der <a href="https://nabu.de">NABU (Naturschutzbund Deutschland) e.V.</a> ist ein anerkannter Naturschutzverband nach § 63 Bundesnaturschutzgesetz</span></p>
<p><span>Der <a href="https://nabu-krefeld-viersen.de">NABU Bezirksverband Krefeld/Viersen e.V.</a> übernimmt die lokalen Aufgaben des NABU innerhalb der Stadt Krefeld und des angrenzenden Kreises Viersen.</span></p>
<p><span>Das Projekt &#8222;Wilder Müll &#8211; Lebensgefahr für Tiere&#8220; wurde von Elita und Benno Grafke ins Leben gerufen um auf die Belastung der Umwelt durch illegale Müllbeseitigung hinzuweisen sowie Lösungen aufzuzeigen.</span></p>
<p><span>Dabei steht im Vordergrund die Darstellung der besonderen Gefahr für Wildtiere durch die Müllbelastung.</span></p>
<p>[/et_pb_text][/et_pb_column][/et_pb_row][et_pb_row column_structure=&#8220;1_4,1_4,1_4,1_4&#8243; _builder_version=&#8220;4.3.1&#8243; global_colors_info=&#8220;{}&#8220;][et_pb_column type=&#8220;1_4&#8243; _builder_version=&#8220;4.3.1&#8243; global_colors_info=&#8220;{}&#8220;][et_pb_team_member name=&#8220;Elita Grafke&#8220; position=&#8220;Projektgründerin&#8220; image_url=&#8220;https://wildermuell-lebensgefahrfuertiere.de/wp-content/uploads/2020/02/Elita_Grafke-.jpg&#8220; _builder_version=&#8220;4.3.1&#8243; global_colors_info=&#8220;{}&#8220;]</p>
<p>Elita Grafke ist vom NABU zertifiziert als NABU-Naturtrainerin.</p>
<p>[/et_pb_team_member][/et_pb_column][et_pb_column type=&#8220;1_4&#8243; _builder_version=&#8220;4.3.1&#8243; global_colors_info=&#8220;{}&#8220;][/et_pb_column][et_pb_column type=&#8220;1_4&#8243; _builder_version=&#8220;4.3.1&#8243; global_colors_info=&#8220;{}&#8220;][/et_pb_column][et_pb_column type=&#8220;1_4&#8243; _builder_version=&#8220;4.3.1&#8243; global_colors_info=&#8220;{}&#8220;][et_pb_team_member name=&#8220;Klaus Keipke&#8220; position=&#8220;Technischer Ansprechpartner&#8220; image_url=&#8220;https://wildermuell-lebensgefahrfuertiere.de/wp-content/uploads/2020/02/klaus_keipke-e1581611253541.jpg&#8220; facebook_url=&#8220;https://www.facebook.com/klaus.keipke&#8220; _builder_version=&#8220;4.14.7&#8243; hover_enabled=&#8220;0&#8243; global_colors_info=&#8220;{}&#8220; sticky_enabled=&#8220;0&#8243;]</p>
<p>Klaus Keipke betreut in techn. Hinsicht den Internetauftritt sowie die sozialen Medien des NABU Bezirksverbandes Krefeld/Viersen e.V.</p>
<p>[/et_pb_team_member][/et_pb_column][/et_pb_row][/et_pb_section]</p>

<p>Wir über unsDie Projektgründerin Elita Grafke präsentiert die Ausstellung ihrer Exponate.  Als NABU Naturtrainerin unterrichtet sie regelmäßig und informiert über die Gefahren des in der Landschaft hinterlassenen Mülls. Für ihren Einsatz wurde Elita Grafke 2017 mit dem Umweltpreis der Stadt Willich ausgezeichnet. Unsere Dauerausstellung &#8222;Wilder Müll&#8220; finden sie im NABU Naturschutzhof Nettetal. Wer wir sind &#8211; [&hellip;]</p>

Wir möchten auf die Gefahren und Risiken der zunehmenden Müllbelastung unserer Umwelt hinweisen und auf die sich dadurch ergebenden Gefahren für Tiere. Ebenso zeigen wir Lösungen auf wie wir die Müllbelastung senken können mit dem Ziel der naturnahen Gestaltung unseres Alltags
