{"id":924,"date":"2020-02-15T23:54:47","date_gmt":"2020-02-15T22:54:47","guid":{"rendered":"https:\/\/wildermuell-lebensgefahrfuertiere.de\/?page_id=924"},"modified":"2025-01-28T15:03:42","modified_gmt":"2025-01-28T14:03:42","slug":"924-2","status":"publish","type":"page","link":"https:\/\/wildermuell-lebensgefahrfuertiere.de\/index.php\/924-2\/","title":{"rendered":"Ausstellung"},"content":{"rendered":"<p>[et_pb_section fb_built=&#8220;1&#8243; _builder_version=&#8220;4.16&#8243; global_colors_info=&#8220;{}&#8220;][et_pb_row _builder_version=&#8220;4.16&#8243; global_colors_info=&#8220;{}&#8220;][et_pb_column type=&#8220;4_4&#8243; _builder_version=&#8220;4.16&#8243; global_colors_info=&#8220;{}&#8220;][et_pb_text _builder_version=&#8220;4.16&#8243; global_colors_info=&#8220;{}&#8220;]<\/p>\n<h3>Sie k\u00f6nnen die Ausstellung unserer Exponate zur Zeit an folgenden Stellen besichtigen.<\/h3>\n<p>[\/et_pb_text][et_pb_slider arrows_custom_color=&#8220;#000000&#8243; dot_nav_custom_color=&#8220;#000000&#8243; _builder_version=&#8220;4.27.4&#8243; header_text_color=&#8220;#000000&#8243; body_text_color=&#8220;#000000&#8243; custom_button=&#8220;on&#8220; button_text_color=&#8220;#000000&#8243; hover_enabled=&#8220;0&#8243; global_colors_info=&#8220;{}&#8220; sticky_enabled=&#8220;0&#8243;][et_pb_slide heading=&#8220;Die Wanderausstellung macht Schule&#8220; button_text=&#8220;Weitere Infos&#8220; button_link=&#8220;https:\/\/wildermuell-lebensgefahrfuertiere.de\/index.php\/unsere-ausstellung\/&#8220; url_new_window=&#8220;on&#8220; image=&#8220;https:\/\/wildermuell-lebensgefahrfuertiere.de\/wp-content\/uploads\/2022\/09\/ausstellung_leonardo_da_vinci_schiefbahn_20220831_09.jpeg&#8220; _builder_version=&#8220;4.27.4&#8243; _module_preset=&#8220;default&#8220; header_font_size=&#8220;31px&#8220; hover_enabled=&#8220;0&#8243; global_colors_info=&#8220;{}&#8220; sticky_transition=&#8220;on&#8220; sticky_enabled=&#8220;0&#8243;]<\/p>\n<p>Die zuletzt in der Eva-Lorenz Umweltstation im Schlosspark Neersen gezeigte Ausstellung ist zur Zeit unterwegs in Schulen im Kreis Viersen.<\/p>\n<p>Aktuell ist die Ausstellung an folgenden Orten zu sehen:<\/p>\n<div class=\"et_pb_with_border et_pb_module et_pb_text et_pb_text_1  et_pb_text_align_left et_pb_bg_layout_light\">\n<div class=\"et_pb_text_inner\">\n<ul>\n<li>\n<p style=\"font-weight: 400;\">Robert Schumann Europa Schule Willich\u00a0\u00a0 31.10.2022 -10.02.2023<\/p>\n<\/li>\n<li>\n<p style=\"font-weight: 400;\">Lise Meitner Gymnasium in Anrath\u00a0\u00a0\u00a0\u00a0\u00a0\u00a0\u00a0\u00a0\u00a0\u00a0\u00a0\u00a0 13.02.2023-31.03.2023<\/p>\n<\/li>\n<li>\n<p style=\"font-weight: 400;\">Schulzentrum Schwalmtal\u00a0\u00a0\u00a0\u00a0\u00a0\u00a0\u00a0\u00a0\u00a0\u00a0\u00a0\u00a0\u00a0\u00a0\u00a0\u00a0\u00a0\u00a0\u00a0\u00a0\u00a0\u00a0\u00a0\u00a0\u00a0 \u00a0\u00a0\u00a017.04.2023-26.05.2023<\/p>\n<\/li>\n<li>\n<p style=\"font-weight: 400;\">Gesamtschule Nettetal\u00a0\u00a0\u00a0\u00a0\u00a0\u00a0\u00a0\u00a0\u00a0\u00a0\u00a0\u00a0\u00a0\u00a0\u00a0\u00a0\u00a0\u00a0\u00a0\u00a0\u00a0\u00a0\u00a0\u00a0\u00a0\u00a0\u00a0\u00a0\u00a0\u00a0 \u00a0\u00a0\u00a030.05.2023-26.08.2023<\/p>\n<\/li>\n<li>\n<p style=\"font-weight: 400; text-align: left;\">Gesamtschule Leonardo da Vinci\u00a0\u00a0\u00a0 \u00a0\u00a0\u00a0\u00a0\u00a0\u00a0\u00a0\u00a0\u00a0\u00a0\u00a0\u00a0\u00a028.08.2023-20.11.2023<br \/>Schiefbahn<\/p>\n<\/li>\n<li>\n<p style=\"font-weight: 400; text-align: left;\">St. Bernhard Gymnasium Schiefbahn\u00a0\u00a0\u00a0\u00a0\u00a0\u00a0\u00a0\u00a0\u00a0\u00a0 20.11.2023-28.02.2024<\/p>\n<\/li>\n<li>\n<p style=\"font-weight: 400; text-align: left;\">Erasmus von Rotterdam Gymnasium Viersen 01.03.2024-18.09.2024<\/p>\n<\/li>\n<li>\n<p style=\"font-weight: 400; text-align: left;\">\n<p>Robert Schuman Europaschule (RSE)\u00a0\u00a0\u00a0\u00a0 \u00a0\u00a0 \u00a0\u00a0 19.09.2024 &#8211; 31.01.2025<\/p>\n<p>Ab 01.02.2025 machen wir eine kleine Pause.<\/p>\n<p>Die Ausstellung soll auch in ihre Schule kommen? Sprechen sie uns an!<\/li>\n<\/ul>\n<\/div>\n<\/div>\n<p>[\/et_pb_slide][et_pb_slide heading=&#8220;NABU Naturschutzhof Nettetal&#8220; button_text=&#8220;Weitere Infos&#8220; button_link=&#8220;https:\/\/wildermuell-lebensgefahrfuertiere.de\/index.php\/ausstellung-naturschutzhof\/&#8220; url_new_window=&#8220;on&#8220; image=&#8220;https:\/\/wildermuell-lebensgefahrfuertiere.de\/wp-content\/uploads\/2020\/02\/naturschutzhof-scaled.jpg&#8220; _builder_version=&#8220;4.16&#8243; header_level=&#8220;h3&#8243; header_text_color=&#8220;#000000&#8243; header_font_size=&#8220;30px&#8220; body_text_color=&#8220;#000000&#8243; background_color=&#8220;rgba(182,191,196,0.13)&#8220; background_enable_color=&#8220;on&#8220; custom_button=&#8220;on&#8220; button_text_color=&#8220;#000000&#8243; global_colors_info=&#8220;{}&#8220; sticky_transition=&#8220;on&#8220;]<\/p>\n<p><span style=\"color: #000000;\">Der Naturschutzhof besteht seit 1985 und wird seitdem mit gro\u00dfem ehrenamtlichen Engagement betrieben. Er liegt in herrlicher niederrheinischer Landschaft inmitten des grenz\u00fcberschreitenden Naturparks \u201eMaas-Schwalm-Nette\u201c und bietet Besuchern aller Altersgruppen spannende Entdeckungen rund um die Natur in der N\u00e4he des Menschen \u2013 von Schafen \u00fcber Wildblumenwiesen, von Hochbeeten bis zu Obstb\u00e4umen.<\/span><\/p>\n<p><span style=\"color: #000000;\">Die Ausstellung &#8222;Wilder M\u00fcll &#8211; Lebensgefahr f\u00fcr Tiere&#8220; ist w\u00e4hrend der \u00d6ffnungszeiten des NABU Naturschutzhof zu besichtigen.<\/span><\/p>\n<p>[\/et_pb_slide][\/et_pb_slider][\/et_pb_column][\/et_pb_row][\/et_pb_section]<\/p>\n","protected":false},"excerpt":{"rendered":"<p>Sie k\u00f6nnen die Ausstellung unserer Exponate zur Zeit an folgenden Stellen besichtigen.Die zuletzt in der Eva-Lorenz Umweltstation im Schlosspark Neersen gezeigte Ausstellung ist zur Zeit unterwegs in Schulen im Kreis Viersen. Aktuell ist die Ausstellung an folgenden Orten zu sehen: Robert Schumann Europa Schule Willich\u00a0\u00a0 31.10.2022 -10.02.2023 Lise Meitner Gymnasium in Anrath\u00a0\u00a0\u00a0\u00a0\u00a0\u00a0\u00a0\u00a0\u00a0\u00a0\u00a0\u00a0 13.02.2023-31.03.2023 Schulzentrum Schwalmtal\u00a0\u00a0\u00a0\u00a0\u00a0\u00a0\u00a0\u00a0\u00a0\u00a0\u00a0\u00a0\u00a0\u00a0\u00a0\u00a0\u00a0\u00a0\u00a0\u00a0\u00a0\u00a0\u00a0\u00a0\u00a0 [&hellip;]<\/p>\n","protected":false},"author":1,"featured_media":0,"parent":0,"menu_order":0,"comment_status":"closed","ping_status":"closed","template":"","meta":{"_et_pb_use_builder":"on","_et_pb_old_content":"","_et_gb_content_width":"","footnotes":""},"folder":[],"class_list":["post-924","page","type-page","status-publish","hentry"],"_links":{"self":[{"href":"https:\/\/wildermuell-lebensgefahrfuertiere.de\/index.php\/wp-json\/wp\/v2\/pages\/924","targetHints":{"allow":["GET"]}}],"collection":[{"href":"https:\/\/wildermuell-lebensgefahrfuertiere.de\/index.php\/wp-json\/wp\/v2\/pages"}],"about":[{"href":"https:\/\/wildermuell-lebensgefahrfuertiere.de\/index.php\/wp-json\/wp\/v2\/types\/page"}],"author":[{"embeddable":true,"href":"https:\/\/wildermuell-lebensgefahrfuertiere.de\/index.php\/wp-json\/wp\/v2\/users\/1"}],"replies":[{"embeddable":true,"href":"https:\/\/wildermuell-lebensgefahrfuertiere.de\/index.php\/wp-json\/wp\/v2\/comments?post=924"}],"version-history":[{"count":24,"href":"https:\/\/wildermuell-lebensgefahrfuertiere.de\/index.php\/wp-json\/wp\/v2\/pages\/924\/revisions"}],"predecessor-version":[{"id":3043,"href":"https:\/\/wildermuell-lebensgefahrfuertiere.de\/index.php\/wp-json\/wp\/v2\/pages\/924\/revisions\/3043"}],"wp:attachment":[{"href":"https:\/\/wildermuell-lebensgefahrfuertiere.de\/index.php\/wp-json\/wp\/v2\/media?parent=924"}],"wp:term":[{"taxonomy":"folder","embeddable":true,"href":"https:\/\/wildermuell-lebensgefahrfuertiere.de\/index.php\/wp-json\/wp\/v2\/folder?post=924"}],"curies":[{"name":"wp","href":"https:\/\/api.w.org\/{rel}","templated":true}]}}

<p>[et_pb_section fb_built=&#8220;1&#8243; _builder_version=&#8220;4.16&#8243; global_colors_info=&#8220;{}&#8220;][et_pb_row _builder_version=&#8220;4.16&#8243; global_colors_info=&#8220;{}&#8220;][et_pb_column type=&#8220;4_4&#8243; _builder_version=&#8220;4.16&#8243; global_colors_info=&#8220;{}&#8220;][et_pb_text _builder_version=&#8220;4.16&#8243; global_colors_info=&#8220;{}&#8220;]</p>
<h3>Sie können die Ausstellung unserer Exponate zur Zeit an folgenden Stellen besichtigen.</h3>
<p>[/et_pb_text][et_pb_slider arrows_custom_color=&#8220;#000000&#8243; dot_nav_custom_color=&#8220;#000000&#8243; _builder_version=&#8220;4.27.4&#8243; header_text_color=&#8220;#000000&#8243; body_text_color=&#8220;#000000&#8243; custom_button=&#8220;on&#8220; button_text_color=&#8220;#000000&#8243; hover_enabled=&#8220;0&#8243; global_colors_info=&#8220;{}&#8220; sticky_enabled=&#8220;0&#8243;][et_pb_slide heading=&#8220;Die Wanderausstellung macht Schule&#8220; button_text=&#8220;Weitere Infos&#8220; button_link=&#8220;https://wildermuell-lebensgefahrfuertiere.de/index.php/unsere-ausstellung/&#8220; url_new_window=&#8220;on&#8220; image=&#8220;https://wildermuell-lebensgefahrfuertiere.de/wp-content/uploads/2022/09/ausstellung_leonardo_da_vinci_schiefbahn_20220831_09.jpeg&#8220; _builder_version=&#8220;4.27.4&#8243; _module_preset=&#8220;default&#8220; header_font_size=&#8220;31px&#8220; hover_enabled=&#8220;0&#8243; global_colors_info=&#8220;{}&#8220; sticky_transition=&#8220;on&#8220; sticky_enabled=&#8220;0&#8243;]</p>
<p>Die zuletzt in der Eva-Lorenz Umweltstation im Schlosspark Neersen gezeigte Ausstellung ist zur Zeit unterwegs in Schulen im Kreis Viersen.</p>
<p>Aktuell ist die Ausstellung an folgenden Orten zu sehen:</p>
<div class="et_pb_with_border et_pb_module et_pb_text et_pb_text_1  et_pb_text_align_left et_pb_bg_layout_light">
<div class="et_pb_text_inner">
<ul>
<li>
<p style="font-weight: 400;">Robert Schumann Europa Schule Willich   31.10.2022 -10.02.2023</p>
</li>
<li>
<p style="font-weight: 400;">Lise Meitner Gymnasium in Anrath             13.02.2023-31.03.2023</p>
</li>
<li>
<p style="font-weight: 400;">Schulzentrum Schwalmtal                             17.04.2023-26.05.2023</p>
</li>
<li>
<p style="font-weight: 400;">Gesamtschule Nettetal                                  30.05.2023-26.08.2023</p>
</li>
<li>
<p style="font-weight: 400; text-align: left;">Gesamtschule Leonardo da Vinci                 28.08.2023-20.11.2023<br />Schiefbahn</p>
</li>
<li>
<p style="font-weight: 400; text-align: left;">St. Bernhard Gymnasium Schiefbahn           20.11.2023-28.02.2024</p>
</li>
<li>
<p style="font-weight: 400; text-align: left;">Erasmus von Rotterdam Gymnasium Viersen 01.03.2024-18.09.2024</p>
</li>
<li>
<p style="font-weight: 400; text-align: left;">
<p>Robert Schuman Europaschule (RSE)           19.09.2024 &#8211; 31.01.2025</p>
<p>Ab 01.02.2025 machen wir eine kleine Pause.</p>
<p>Die Ausstellung soll auch in ihre Schule kommen? Sprechen sie uns an!</li>
</ul>
</div>
</div>
<p>[/et_pb_slide][et_pb_slide heading=&#8220;NABU Naturschutzhof Nettetal&#8220; button_text=&#8220;Weitere Infos&#8220; button_link=&#8220;https://wildermuell-lebensgefahrfuertiere.de/index.php/ausstellung-naturschutzhof/&#8220; url_new_window=&#8220;on&#8220; image=&#8220;https://wildermuell-lebensgefahrfuertiere.de/wp-content/uploads/2020/02/naturschutzhof-scaled.jpg&#8220; _builder_version=&#8220;4.16&#8243; header_level=&#8220;h3&#8243; header_text_color=&#8220;#000000&#8243; header_font_size=&#8220;30px&#8220; body_text_color=&#8220;#000000&#8243; background_color=&#8220;rgba(182,191,196,0.13)&#8220; background_enable_color=&#8220;on&#8220; custom_button=&#8220;on&#8220; button_text_color=&#8220;#000000&#8243; global_colors_info=&#8220;{}&#8220; sticky_transition=&#8220;on&#8220;]</p>
<p><span style="color: #000000;">Der Naturschutzhof besteht seit 1985 und wird seitdem mit großem ehrenamtlichen Engagement betrieben. Er liegt in herrlicher niederrheinischer Landschaft inmitten des grenzüberschreitenden Naturparks „Maas-Schwalm-Nette“ und bietet Besuchern aller Altersgruppen spannende Entdeckungen rund um die Natur in der Nähe des Menschen – von Schafen über Wildblumenwiesen, von Hochbeeten bis zu Obstbäumen.</span></p>
<p><span style="color: #000000;">Die Ausstellung &#8222;Wilder Müll &#8211; Lebensgefahr für Tiere&#8220; ist während der Öffnungszeiten des NABU Naturschutzhof zu besichtigen.</span></p>
<p>[/et_pb_slide][/et_pb_slider][/et_pb_column][/et_pb_row][/et_pb_section]</p>

<p>Sie können die Ausstellung unserer Exponate zur Zeit an folgenden Stellen besichtigen.Die zuletzt in der Eva-Lorenz Umweltstation im Schlosspark Neersen gezeigte Ausstellung ist zur Zeit unterwegs in Schulen im Kreis Viersen. Aktuell ist die Ausstellung an folgenden Orten zu sehen: Robert Schumann Europa Schule Willich   31.10.2022 -10.02.2023 Lise Meitner Gymnasium in Anrath             13.02.2023-31.03.2023 Schulzentrum Schwalmtal                          [&hellip;]</p>
