{"id":94,"date":"2019-09-30T09:53:10","date_gmt":"2019-09-30T07:53:10","guid":{"rendered":"http:\/\/wildermuell-lebensgefahrfuertiere.de\/?page_id=94"},"modified":"2020-04-22T21:40:18","modified_gmt":"2020-04-22T19:40:18","slug":"lebensgefahr-fuer-tiere","status":"publish","type":"page","link":"https:\/\/wildermuell-lebensgefahrfuertiere.de\/index.php\/lebensgefahr-fuer-tiere\/","title":{"rendered":"Lebensgefahr f\u00fcr Tiere"},"content":{"rendered":"<p>[et_pb_section fb_built=&#8220;1&#8243; custom_padding_last_edited=&#8220;on|phone&#8220; admin_label=&#8220;Header&#8220; _builder_version=&#8220;4.4.3&#8243; background_image=&#8220;https:\/\/wildermuell-lebensgefahrfuertiere.de\/wp-content\/uploads\/2020\/04\/slider3.gif&#8220; background_position=&#8220;bottom_center&#8220; custom_padding=&#8220;100px||0vw|||&#8220; custom_padding_tablet=&#8220;40px|||&#8220; custom_padding_phone=&#8220;0px|||&#8220; hover_enabled=&#8220;0&#8243; locked=&#8220;off&#8220;][et_pb_row custom_padding_last_edited=&#8220;on|desktop&#8220; _builder_version=&#8220;4.3.1&#8243; custom_margin=&#8220;|||&#8220; custom_padding=&#8220;|30px||30px||true&#8220; custom_padding_tablet=&#8220;40px||&#8220; custom_padding_phone=&#8220;&#8220; box_shadow_style=&#8220;preset7&#8243; box_shadow_horizontal=&#8220;0px&#8220; box_shadow_vertical=&#8220;0px&#8220; box_shadow_color=&#8220;#bababa&#8220; box_shadow_position=&#8220;outer&#8220;][et_pb_column type=&#8220;4_4&#8243; _builder_version=&#8220;3.25&#8243; custom_padding=&#8220;|||&#8220; custom_padding_last_edited=&#8220;off|desktop&#8220; custom_padding__hover=&#8220;|||&#8220;][et_pb_text _builder_version=&#8220;4.3.1&#8243; header_font=&#8220;Lora||||||||&#8220; header_text_color=&#8220;#000000&#8243; header_font_size=&#8220;78px&#8220; header_letter_spacing=&#8220;-1px&#8220; header_line_height=&#8220;1.1em&#8220; background_enable_color=&#8220;off&#8220; background_image=&#8220;https:\/\/wildermuell-lebensgefahrfuertiere.de\/wp-content\/uploads\/2020\/02\/food-bank_54-1mh.png&#8220; width=&#8220;58%&#8220; max_width=&#8220;60%&#8220; module_alignment=&#8220;right&#8220; min_height=&#8220;252px&#8220; height=&#8220;257px&#8220; custom_padding=&#8220;25px|15px|||false|false&#8220; header_font_size_tablet=&#8220;56px&#8220; header_font_size_phone=&#8220;40px&#8220; header_font_size_last_edited=&#8220;on|phone&#8220; border_color_all=&#8220;#FFFFFF&#8220; locked=&#8220;off&#8220;]<\/p>\n<h1 style=\"text-align: right;\"><span style=\"color: #ffff00;\"><strong><em>Lebensgefahr<\/em><\/strong><\/span><\/h1>\n<h1 style=\"text-align: right;\"><span style=\"color: #ffffff;\">f\u00fcr Tiere<\/span><\/h1>\n<p>[\/et_pb_text][\/et_pb_column][\/et_pb_row][et_pb_row _builder_version=&#8220;3.25&#8243; width=&#8220;100%&#8220; max_width=&#8220;100%&#8220; custom_padding=&#8220;0px||0px|||&#8220;][et_pb_column type=&#8220;4_4&#8243; _builder_version=&#8220;3.25&#8243; custom_padding=&#8220;|||&#8220; custom_padding__hover=&#8220;|||&#8220;][et_pb_image src=&#8220;https:\/\/wildermuell-lebensgefahrfuertiere.de\/wp-content\/uploads\/2019\/09\/food-bank_57.png&#8220; force_fullwidth=&#8220;on&#8220; align_tablet=&#8220;center&#8220; align_phone=&#8220;&#8220; align_last_edited=&#8220;on|desktop&#8220; _builder_version=&#8220;4.4.3&#8243;][\/et_pb_image][\/et_pb_column][\/et_pb_row][\/et_pb_section][et_pb_section fb_built=&#8220;1&#8243; admin_label=&#8220;Feature&#8220; _builder_version=&#8220;3.22.5&#8243;][et_pb_row _builder_version=&#8220;4.3.1&#8243;][et_pb_column type=&#8220;4_4&#8243; _builder_version=&#8220;4.3.1&#8243;][et_pb_text _builder_version=&#8220;4.4.0&#8243; background_image=&#8220;https:\/\/wildermuell-lebensgefahrfuertiere.de\/wp-content\/uploads\/2020\/03\/headline_magenta.png&#8220; width=&#8220;100%&#8220; custom_margin=&#8220;|||0px|false|false&#8220; custom_padding=&#8220;7px|||6px|false|false&#8220; inline_fonts=&#8220;Anton&#8220;]<\/p>\n<h1><span style=\"color: #ffffff; font-family: Anton; font-size: xx-large;\">Wilder M\u00fcll &#8211; Lebensgefahr f\u00fcr Tiere<\/span><\/h1>\n<p>[\/et_pb_text][et_pb_text _builder_version=&#8220;4.3.1&#8243; text_font=&#8220;Vollkorn||||||||&#8220; text_font_size=&#8220;16px&#8220;]<\/p>\n<p><strong>Wir sind uns sicher, dass niemand, der achtlos seinen M\u00fcll auf Parkpl\u00e4tzen, an Stra\u00dfen,<\/strong>\u00a0<strong>im \u00f6ffentlichen Raum, in der Natur entsorgt, wei\u00df was er damit anrichtet. Deshalb haben<\/strong>\u00a0<strong>wir diese kleine Aufstellung erstellt.<\/strong><\/p>\n<p>[\/et_pb_text][et_pb_text _builder_version=&#8220;4.4.0&#8243; background_image=&#8220;https:\/\/wildermuell-lebensgefahrfuertiere.de\/wp-content\/uploads\/2020\/02\/headline_yellow.png&#8220; width=&#8220;100%&#8220; custom_margin=&#8220;||0px||false|false&#8220; custom_padding=&#8220;17px||0px|7px|false|false&#8220; inline_fonts=&#8220;Anton,Vollkorn&#8220;]<\/p>\n<h1><span style=\"color: #000000; font-family: Vollkorn;\">Plastikteile<\/span><\/h1>\n<p>[\/et_pb_text][et_pb_text _builder_version=&#8220;4.3.1&#8243; text_font=&#8220;Vollkorn||||||||&#8220; text_font_size=&#8220;16px&#8220;]<\/p>\n<p>Unter anderem Plastikfolie, Plastikt\u00fcten, Plastikstrohhalme, R\u00fchrst\u00e4bchen, Plastikringe&#8230;\u00a0V\u00f6gel bauen Plastik in ihre Nester ein. Das Wasser kann dann nicht mehr richtig abflie\u00dfen\u00a0und die Jungen verenden an Unterk\u00fchlung. In einigen F\u00e4llen ertrinken die Tiere auch &#8230;<\/p>\n<p>Wildtiere und auch Nutztiere fressen diese Teile und verenden qualvoll daran. Ein Bauer\u00a0erz\u00e4hlte: er musste zwei K\u00fche schlachten da sie Plastik gefressen hatten &#8230;<\/p>\n<p>Auch V\u00f6gel fressen Plastik. V\u00f6gel picken auch Plastikteile wie Folien oder Ringe auf. Sie\u00a0k\u00f6nnen ihren Schnabel in vielen F\u00e4llen nicht mehr davon befreien und sterben qualvoll&#8230;<\/p>\n<p>[\/et_pb_text][et_pb_text _builder_version=&#8220;4.4.0&#8243; background_image=&#8220;https:\/\/wildermuell-lebensgefahrfuertiere.de\/wp-content\/uploads\/2020\/02\/headline_yellow.png&#8220; width=&#8220;100%&#8220; custom_margin=&#8220;||0px||false|false&#8220; custom_padding=&#8220;17px||0px|7px|false|false&#8220; inline_fonts=&#8220;Anton,Vollkorn&#8220;]<\/p>\n<h1><span style=\"color: #000000; font-family: Vollkorn;\">Luftballons<br \/> <\/span><\/h1>\n<p>[\/et_pb_text][et_pb_text _builder_version=&#8220;4.3.1&#8243; text_font=&#8220;Vollkorn||||||||&#8220; text_font_size=&#8220;16px&#8220;]<\/p>\n<p>Auch Luftballons und ihre B\u00e4nder werden von Tieren gefressen, man findet viele, die qualvoll daran verendet sind .In die Schn\u00fcre verhedderte Tiere, vor allem V\u00f6gel, findet man\u00a0ebenso. Sie k\u00f6nnen sich dann nicht mehr davon befreien und m\u00fcssen sterben.<\/p>\n<p>Aufl\u00f6sbare Ballons sind keine L\u00f6sung \u2013 bis sich das Material zersetzt, das dauert Monate,\u00a0leben die Tiere nicht mehr. \u201eSind ja nur ein paar Ballons\u201c sagen einige Leute. Allein der\u00a0Marktf\u00fchrer produziert 1,4 Milliarden Luftballons pro Jahr!!!<\/p>\n<p>Zu diesem wichtigen Thema forscht unter anderem die Universit\u00e4t Wageningen.<\/p>\n<p>[\/et_pb_text][et_pb_text _builder_version=&#8220;4.4.0&#8243; background_image=&#8220;https:\/\/wildermuell-lebensgefahrfuertiere.de\/wp-content\/uploads\/2020\/02\/headline_yellow.png&#8220; width=&#8220;100%&#8220; custom_margin=&#8220;||0px||false|false&#8220; custom_padding=&#8220;17px||0px|7px|false|false&#8220; inline_fonts=&#8220;Anton,Vollkorn&#8220;]<\/p>\n<h1><span style=\"color: #000000; font-family: Vollkorn;\">Getr\u00e4nkebecher, Joghurtbecher, Konservendosen, Gurkengl\u00e4ser<br \/> und andere Gef\u00e4\u00dfe<\/span><\/h1>\n<p>[\/et_pb_text][et_pb_text _builder_version=&#8220;4.3.1&#8243; text_font=&#8220;Vollkorn||||||||&#8220; text_font_size=&#8220;16px&#8220;]<\/p>\n<p>verleiten F\u00fcchse, Dachse, Igel und andere Tiere dazu ihre Schnauze hinein zu stecken\u00a0oder auch hinein zu kriechen. Die Tiere k\u00f6nnen sich dann nicht mehr befreien und sterben\u00a0einen qualvollen Tod.<\/p>\n<p>Alleine f\u00fcr Hei\u00dfgetr\u00e4nke gehen in Deutschland jeden Tag 7,6 Millionen, im Jahr rund 3\u00a0Milliarden Becher \u00fcber die Theke &#8230; Ein gro\u00dfer Teil findet sich dann, nicht fachgerecht\u00a0entsorgt, in unserer Umwelt wieder.<\/p>\n<p>[\/et_pb_text][et_pb_text _builder_version=&#8220;4.4.0&#8243; background_image=&#8220;https:\/\/wildermuell-lebensgefahrfuertiere.de\/wp-content\/uploads\/2020\/02\/headline_yellow.png&#8220; width=&#8220;100%&#8220; custom_margin=&#8220;||0px||false|false&#8220; custom_padding=&#8220;17px||0px|7px|false|false&#8220; inline_fonts=&#8220;Anton,Vollkorn&#8220;]<\/p>\n<h1><span style=\"color: #000000; font-family: Vollkorn;\">Offene Getr\u00e4nkedosen , Tetrapacks und Flaschen<\/span><\/h1>\n<p>[\/et_pb_text][et_pb_text _builder_version=&#8220;4.3.1&#8243; text_font=&#8220;Vollkorn||||||||&#8220; text_font_size=&#8220;16px&#8220;]<\/p>\n<p>Angezogen durch Getr\u00e4nkereste wurden schon 45 tote K\u00e4fer in einer Dose gefunden &#8230;<br \/> In nur einer Flasche fand man f\u00fcnf tote M\u00e4use. Wie Biologen erz\u00e4hlen kommt das sehr\u00a0h\u00e4ufig vor, das sind leider keine Einzelf\u00e4lle!<\/p>\n<p>[\/et_pb_text][et_pb_text _builder_version=&#8220;4.4.0&#8243; background_image=&#8220;https:\/\/wildermuell-lebensgefahrfuertiere.de\/wp-content\/uploads\/2020\/02\/headline_yellow.png&#8220; width=&#8220;100%&#8220; custom_margin=&#8220;||0px||false|false&#8220; custom_padding=&#8220;17px||0px|7px|false|false&#8220; inline_fonts=&#8220;Anton,Vollkorn&#8220;]<\/p>\n<h1><span style=\"color: #000000; font-family: Vollkorn;\">Glasscherben<\/span><\/h1>\n<p>[\/et_pb_text][et_pb_text _builder_version=&#8220;4.3.1&#8243; text_font=&#8220;Vollkorn||||||||&#8220; text_font_size=&#8220;16px&#8220;]<\/p>\n<p>Schwere Verletzungen ziehen sich nicht nur Wildtiere sondern auch Hunde und Katzen zu.\u00a0Unseren Haustiere hilft dann der Tierarzt , die Verletzungen der Wildtiere haben weitreichende Folgen&#8230;<\/p>\n<p>Die Gefahr, dass durch die Scherben Br\u00e4nde entstehen, ist bekannt. Auch das ist f\u00fcr unsere\u00a0Tiere lebensbedrohlich!<\/p>\n<p>[\/et_pb_text][et_pb_text _builder_version=&#8220;4.4.0&#8243; background_image=&#8220;https:\/\/wildermuell-lebensgefahrfuertiere.de\/wp-content\/uploads\/2020\/02\/headline_yellow.png&#8220; width=&#8220;100%&#8220; custom_margin=&#8220;||0px||false|false&#8220; custom_padding=&#8220;17px||0px|7px|false|false&#8220; inline_fonts=&#8220;Anton,Vollkorn&#8220;]<\/p>\n<h1><span style=\"color: #000000; font-family: Vollkorn;\">Schn\u00fcre, Bindegarnreste, Netze und Draht<\/span><\/h1>\n<p>[\/et_pb_text][et_pb_text _builder_version=&#8220;4.3.1&#8243; text_font=&#8220;Vollkorn||||||||&#8220; text_font_size=&#8220;16px&#8220;]<\/p>\n<p>Sind sehr gef\u00e4hrlich f\u00fcr V\u00f6gel \u2013 sie bauen die Schn\u00fcre, Bindegarnreste und Reste von Netzen\u00a0in ihre Nester ein. Jungv\u00f6gel und Elterntiere verfangen sich darin und sterben. Schn\u00fcre und\u00a0Bindegarnreste werden auch gefressen \u2013 von allen Tieren \u2013 mit schlimmen Folgen.<\/p>\n<p>Rehb\u00f6cke, Damhirsche und Hirsche verheddern sich beim Fegen. Sie k\u00f6nnen sich dann\u00a0nicht mehr befreien und verenden qualvoll. Es gibt auch h\u00e4ufiger F\u00e4lle bei denen k\u00e4mpfende\u00a0Hirsche, weil einer der beiden Schn\u00fcre oder Draht aufgefegt hatte, nicht mehr auseinander\u00a0kommen. Die Folgen kann man sich ausmalen&#8230;<\/p>\n<p>H\u00e4ufig findet man V\u00f6gel deren St\u00e4nder von Schn\u00fcren so verkr\u00fcppelt werden, dass die Tiere\u00a0schon nicht mehr richtig laufen k\u00f6nnen.<\/p>\n<p>[\/et_pb_text][et_pb_text _builder_version=&#8220;4.4.0&#8243; background_image=&#8220;https:\/\/wildermuell-lebensgefahrfuertiere.de\/wp-content\/uploads\/2020\/02\/headline_yellow.png&#8220; width=&#8220;100%&#8220; custom_margin=&#8220;||0px||false|false&#8220; custom_padding=&#8220;17px||0px|7px|false|false&#8220; inline_fonts=&#8220;Anton,Vollkorn&#8220;]<\/p>\n<h1><span style=\"color: #000000; font-family: Vollkorn;\">Zigarettenstummel (- Sonderm\u00fcll -!!!)<\/span><\/h1>\n<p>[\/et_pb_text][et_pb_text _builder_version=&#8220;4.3.1&#8243; text_font=&#8220;Vollkorn||||||||&#8220; text_font_size=&#8220;16px&#8220;]<\/p>\n<p>werden von Tieren gefressen. Sie k\u00f6nnen dann mit vollem Magen verhungern&#8230; Eine zweite\u00a0Gefahr ist aber der Tabak-Nikotin ist giftig. So giftig, das ein Hund mittlerer Gr\u00f6\u00dfe sterben\u00a0muss wenn er f\u00fcnf Zigaretten gefressen hat.<\/p>\n<p>Auch wenn Tiere aus Pf\u00fctzen trinken in denen Kippen schwimmen k\u00f6nnen sie sich dadurch\u00a0vergiften. Nikotin l\u00f6st sich schon in 30 Sekunden im Wasser auf! Nikotin und die anderen Stoffe\u00a0im Filter wie Pestizid R\u00fcckst\u00e4nde, Teer, Arsen, Blei, Kupfer, Cadmium gelangen ins Grundwasser\u00a0oder auch in unsere Gew\u00e4sser .Schon ein Stummel pro Liter macht Fischen den Garaus.<\/p>\n<p>Man geht davon aus, dass schon eine Kippe 40 Liter Wasser verseucht! Laut WHO werden\u00a0in Deutschland 76 Milliarden Zigaretten pro Jahr geraucht (Das sind nur die versteuerten &#8211;\u00a0\u201eselbstgedrehte\u201c oder nicht versteuerte Zigaretten sind nicht enthalten)! Etwa drei Viertel\u00a0landen nicht im Aschenbecher sondern werden im \u00f6ffentlichen Raum und der Natur weggeworfen.<\/p>\n<p>[\/et_pb_text][et_pb_text _builder_version=&#8220;4.4.0&#8243; background_image=&#8220;https:\/\/wildermuell-lebensgefahrfuertiere.de\/wp-content\/uploads\/2020\/02\/headline_yellow.png&#8220; width=&#8220;100%&#8220; custom_margin=&#8220;||0px||false|false&#8220; custom_padding=&#8220;17px||0px|7px|false|false&#8220; inline_fonts=&#8220;Anton,Vollkorn&#8220;]<\/p>\n<h1><span style=\"color: #000000; font-family: Vollkorn;\">Angelschn\u00fcre, Angelhaken<\/span><\/h1>\n<p>[\/et_pb_text][et_pb_text _builder_version=&#8220;4.3.1&#8243; text_font=&#8220;Vollkorn||||||||&#8220; text_font_size=&#8220;16px&#8220;]<\/p>\n<p>Immer wieder werden Tiere gefunden, die durch Angelschn\u00fcre und Angelhaken ums Leben\u00a0kamen. So fand man zum Beispiel einen Uhu und einen Sperber, beide hatten sich gleichzeitig in Angelschn\u00fcren \u2013die im Baum h\u00e4ngen blieben \u2013 verfangen. Auch Singv\u00f6gel und Flederm\u00e4use fand man schon auf diese Weise.<\/p>\n<p>Vor allen Dingen geht eine gro\u00dfe Gefahr f\u00fcr Wasserv\u00f6gel von Angelschn\u00fcren und Angelhaken aus. Die Tiere verschlucken die Haken und k\u00f6nnen teilweise, wenn sie \u00fcberhaupt gefunden werden, nur durch aufw\u00e4ndige Operationen gerettet werden.<\/p>\n<p>Viele V\u00f6gel verheddern sich in Schn\u00fcren die im Wasser liegen blieben .Einige m\u00fcssen dann\u00a0ertrinken. Andere werden durch die Schn\u00fcre stark behindert, ihre Gliedma\u00dfen abgeschn\u00fcrt.<\/p>\n<p>[\/et_pb_text][et_pb_text _builder_version=&#8220;4.3.1&#8243; text_font=&#8220;Vollkorn||||||||&#8220; text_font_size=&#8220;16px&#8220;]<\/p>\n<p><strong>Das sind nur die h\u00e4ufigsten Gefahren. Alles was wir in der Natur \u201eentsorgen \u201e kann zum<\/strong>\u00a0<strong>qualvollen Tod eines Tieres f\u00fchren.<br \/> <\/strong><br \/> <strong>So wurde ein kleiner, fester Gummiring, aufgepickt und so \u00fcber den Schnabel gezogen, ei<\/strong><strong>nem Kranich zum Verh\u00e4ngnis. In Dortmund wurde ein Fuchs gesehen der ziellos durch die<\/strong>\u00a0<strong>Stadt lief. Er hatte seinen Kopf in einen kaputten Ball gesteckt den Kinder liegen lie\u00dfen.<\/strong><br \/> <strong>Ein Igel der sein K\u00f6pfchen in einen Sektverschluss gesteckt hatte konnte, als er gefunden<\/strong>\u00a0<strong>wurde, nicht mehr davon befreit werden, das Metall war eingewachsen.<br \/> <\/strong><br \/> <strong>Letztendlich kann ALLES was wir in der Natur und im \u00f6ffentlichen Raum achtlos liegen<\/strong>\u00a0<strong>lassen oder \u201eentsorgen\u201c zum qualvollen Tod eines Tieres f\u00fchren.<\/strong><\/p>\n<p>[\/et_pb_text][et_pb_text _builder_version=&#8220;4.4.0&#8243; background_image=&#8220;https:\/\/wildermuell-lebensgefahrfuertiere.de\/wp-content\/uploads\/2020\/03\/headline_magenta.png&#8220; width=&#8220;100%&#8220; custom_margin=&#8220;|||0px|false|false&#8220; custom_padding=&#8220;7px|||6px|false|false&#8220; inline_fonts=&#8220;Anton&#8220;]<\/p>\n<h1><span style=\"color: #ffffff; font-family: Anton;\">Bitte denkt an die Folgen f\u00fcr die Tiere!<\/span><\/h1>\n<p>[\/et_pb_text][\/et_pb_column][\/et_pb_row][\/et_pb_section][et_pb_section fb_built=&#8220;1&#8243; fullwidth=&#8220;on&#8220; _builder_version=&#8220;3.22.5&#8243;][et_pb_fullwidth_image src=&#8220;https:\/\/wildermuell-lebensgefahrfuertiere.de\/wp-content\/uploads\/2019\/09\/food-bank_56.png&#8220; _builder_version=&#8220;4.3.1&#8243;][\/et_pb_fullwidth_image][\/et_pb_section][et_pb_section fb_built=&#8220;1&#8243; admin_label=&#8220;Footer&#8220; _builder_version=&#8220;4.3.1&#8243; background_color=&#8220;#121214&#8243; background_image=&#8220;https:\/\/wildermuell-lebensgefahrfuertiere.de\/wp-content\/uploads\/2019\/09\/food-bank_57.png&#8220; background_size=&#8220;initial&#8220; background_position=&#8220;bottom_right&#8220; custom_padding=&#8220;8vw||5vw||false|&#8220;][et_pb_row column_structure=&#8220;2_5,3_5&#8243; custom_padding_last_edited=&#8220;on|desktop&#8220; _builder_version=&#8220;4.3.1&#8243; background_color=&#8220;rgba(116,186,87,0.8)&#8220; width=&#8220;84%&#8220; custom_margin=&#8220;|||&#8220; custom_padding=&#8220;|30px||30px||true&#8220; custom_padding_tablet=&#8220;40px||&#8220; custom_padding_phone=&#8220;&#8220; locked=&#8220;off&#8220;][et_pb_column type=&#8220;2_5&#8243; _builder_version=&#8220;3.25&#8243; custom_padding=&#8220;|||&#8220; custom_padding_last_edited=&#8220;off|desktop&#8220; custom_padding__hover=&#8220;|||&#8220;][et_pb_text _builder_version=&#8220;4.2.2&#8243; text_font=&#8220;Roboto|700|||||||&#8220; text_font_size=&#8220;18px&#8220; text_line_height=&#8220;1.8em&#8220; background_layout=&#8220;dark&#8220; locked=&#8220;off&#8220;]<\/p>\n<p>Helfen sie uns durch eine Spende.<\/p>\n<p>[\/et_pb_text][\/et_pb_column][et_pb_column type=&#8220;3_5&#8243; _builder_version=&#8220;4.3.1&#8243; custom_padding=&#8220;|||&#8220; custom_padding_tablet=&#8220;16px||&#8220; custom_padding_phone=&#8220;&#8220; custom_padding_last_edited=&#8220;on|desktop&#8220; custom_padding__hover=&#8220;|||&#8220;][et_pb_text _builder_version=&#8220;4.3.1&#8243; text_font=&#8220;||||||||&#8220; header_font=&#8220;Lora||||||||&#8220; header_font_size=&#8220;78px&#8220; header_letter_spacing=&#8220;-1px&#8220; header_line_height=&#8220;1.1em&#8220; background_layout=&#8220;dark&#8220; width=&#8220;100%&#8220; custom_padding=&#8220;|0px||0px||&#8220; header_font_size_tablet=&#8220;56px&#8220; header_font_size_phone=&#8220;40px&#8220; header_font_size_last_edited=&#8220;on|phone&#8220; locked=&#8220;off&#8220;]<\/p>\n<h1>Unterst\u00fctzen sie unser\u00a0<span style=\"color: #ffff00;\"><em>Projekt<\/em><\/span><br \/> <strong>Heute<\/strong>!<\/h1>\n<p>[\/et_pb_text][et_pb_button button_url=&#8220;http:\/\/wildermuell-lebensgefahrfuertiere.de\/index.php\/spenden\/&#8220; button_text=&#8220;Jetzt Spenden!&#8220; button_alignment=&#8220;right&#8220; _builder_version=&#8220;4.3.1&#8243; custom_button=&#8220;on&#8220; button_text_size=&#8220;17px&#8220; button_text_color=&#8220;#000000&#8243; button_bg_color=&#8220;#74ba57&#8243; button_border_width=&#8220;0px&#8220; button_border_radius=&#8220;0px&#8220; button_font=&#8220;Roboto||||||||&#8220; custom_padding=&#8220;14px|28px|14px|28px|true|true&#8220; locked=&#8220;off&#8220;][\/et_pb_button][\/et_pb_column][\/et_pb_row][\/et_pb_section]<\/p>\n","protected":false},"excerpt":{"rendered":"<p>Lebensgefahr f\u00fcr TiereWilder M\u00fcll &#8211; Lebensgefahr f\u00fcr TiereWir sind uns sicher, dass niemand, der achtlos seinen M\u00fcll auf Parkpl\u00e4tzen, an Stra\u00dfen,\u00a0im \u00f6ffentlichen Raum, in der Natur entsorgt, wei\u00df was er damit anrichtet. Deshalb haben\u00a0wir diese kleine Aufstellung erstellt.PlastikteileUnter anderem Plastikfolie, Plastikt\u00fcten, Plastikstrohhalme, R\u00fchrst\u00e4bchen, Plastikringe&#8230;\u00a0V\u00f6gel bauen Plastik in ihre Nester ein. Das Wasser kann dann nicht [&hellip;]<\/p>\n","protected":false},"author":4,"featured_media":0,"parent":0,"menu_order":0,"comment_status":"closed","ping_status":"closed","template":"","meta":{"_et_pb_use_builder":"on","_et_pb_old_content":"","_et_gb_content_width":"","footnotes":""},"folder":[],"class_list":["post-94","page","type-page","status-publish","hentry"],"_links":{"self":[{"href":"https:\/\/wildermuell-lebensgefahrfuertiere.de\/index.php\/wp-json\/wp\/v2\/pages\/94","targetHints":{"allow":["GET"]}}],"collection":[{"href":"https:\/\/wildermuell-lebensgefahrfuertiere.de\/index.php\/wp-json\/wp\/v2\/pages"}],"about":[{"href":"https:\/\/wildermuell-lebensgefahrfuertiere.de\/index.php\/wp-json\/wp\/v2\/types\/page"}],"author":[{"embeddable":true,"href":"https:\/\/wildermuell-lebensgefahrfuertiere.de\/index.php\/wp-json\/wp\/v2\/users\/4"}],"replies":[{"embeddable":true,"href":"https:\/\/wildermuell-lebensgefahrfuertiere.de\/index.php\/wp-json\/wp\/v2\/comments?post=94"}],"version-history":[{"count":43,"href":"https:\/\/wildermuell-lebensgefahrfuertiere.de\/index.php\/wp-json\/wp\/v2\/pages\/94\/revisions"}],"predecessor-version":[{"id":1442,"href":"https:\/\/wildermuell-lebensgefahrfuertiere.de\/index.php\/wp-json\/wp\/v2\/pages\/94\/revisions\/1442"}],"wp:attachment":[{"href":"https:\/\/wildermuell-lebensgefahrfuertiere.de\/index.php\/wp-json\/wp\/v2\/media?parent=94"}],"wp:term":[{"taxonomy":"folder","embeddable":true,"href":"https:\/\/wildermuell-lebensgefahrfuertiere.de\/index.php\/wp-json\/wp\/v2\/folder?post=94"}],"curies":[{"name":"wp","href":"https:\/\/api.w.org\/{rel}","templated":true}]}}